 the prime factors of 38500954?
2, 17, 19, 107, 557
List the prime factors of 83292301.
71, 137, 8563
List the prime factors of 28214712.
2, 3, 31, 12641
List the prime factors of 555768601.
19, 37, 790567
What are the prime factors of 1156420762?
2, 7, 29, 2848327
What are the prime factors of 27763461?
3, 11, 23, 89, 137
What are the prime factors of 198367751?
449, 441799
List the prime factors of 93929087.
7, 89, 150769
List the prime factors of 539445692.
2, 41, 61, 53923
List the prime factors of 65833913.
113, 582601
What are the prime factors of 6499873650?
2, 3, 5, 59, 857
List the prime factors of 3257179011.
3, 361908779
List the prime factors of 621375796.
2, 155343949
What are the prime factors of 1566521334?
2, 3, 7, 149, 181, 461
What are the prime factors of 518475354?
2, 3, 86412559
What are the prime factors of 20726609?
20726609
What are the prime factors of 1122412812?
2, 3, 211, 443291
What are the prime factors of 1114734167?
89, 12525103
What are the prime factors of 1259760316?
2, 17, 18525887
What are the prime factors of 1645303978?
2, 28433, 28933
What are the prime factors of 867198644?
2, 13, 641, 26017
What are the prime factors of 313719317?
19, 2633, 6271
List the prime factors of 213098593.
277, 769309
List the prime factors of 370917174.
2, 3, 541, 114269
List the prime factors of 198668486.
2, 53, 887, 2113
What are the prime factors of 20657749?
7, 23, 31, 4139
What are the prime factors of 34397233?
13, 2645941
List the prime factors of 429298859.
11, 139, 280771
What are the prime factors of 124000812?
2, 3, 13, 264959
What are the prime factors of 3926138771?
167, 23509813
What are the prime factors of 15619121?
7, 19, 117437
List the prime factors of 115531892.
2, 7, 4126139
List the prime factors of 24799284.
2, 3, 76541
List the prime factors of 554512541.
11, 50410231
What are the prime factors of 850062236?
2, 212515559
List the prime factors of 435137188.
2, 2711, 40127
What are the prime factors of 766425926?
2, 7, 17, 79, 40763
What are the prime factors of 3060691276?
2, 53, 2683, 5381
List the prime factors of 2734353195.
3, 5, 7, 2531, 10289
What are the prime factors of 1088462246?
2, 167, 3258869
What are the prime factors of 4052621145?
3, 5, 1787, 151189
List the prime factors of 2304319484.
2, 71, 2731, 2971
What are the prime factors of 1887230126?
2, 71, 149, 191, 467
What are the prime factors of 3336966148?
2, 127, 967, 6793
What are the prime factors of 1061986051?
7, 137, 1107389
List the prime factors of 1208511735.
3, 5, 80567449
What are the prime factors of 145276266?
2, 3, 24212711
List the prime factors of 577496956.
2, 59, 2447021
List the prime factors of 89920460.
2, 5, 7, 31, 20719
What are the prime factors of 22480863?
3, 7493621
List the prime factors of 330802016.
2, 10337563
List the prime factors of 412556433.
3, 617, 222883
What are the prime factors of 54682380?
2, 3, 5, 19, 59, 271
What are the prime factors of 12385207?
19, 651853
What are the prime factors of 934447499?
934447499
List the prime factors of 420447212.
2, 105111803
What are the prime factors of 1942831980?
2, 3, 5, 449, 2671
What are the prime factors of 31797787?
7, 1367, 3323
What are the prime factors of 1047760681?
11, 19, 5013209
What are the prime factors of 53082855?
3, 5, 7, 43, 3919
List the prime factors of 4027422434.
2, 7, 17, 107, 167, 947
What are the prime factors of 732600590?
2, 5, 199, 368141
What are the prime factors of 198231557?
198231557
What are the prime factors of 496317719?
31, 16010249
What are the prime factors of 181148500?
2, 5, 13, 29, 31
List the prime factors of 673870920.
2, 3, 5, 191, 29401
What are the prime factors of 5102997502?
2, 4591, 555761
List the prime factors of 1656668906.
2, 29, 59, 484123
List the prime factors of 56541403.
1493, 37871
What are the prime factors of 96319144?
2, 17, 708229
What are the prime factors of 1113077279?
263, 4232233
List the prime factors of 72985832.
2, 59, 101, 1531
What are the prime factors of 120991301?
47, 97, 26539
List the prime factors of 565500686.
2, 19, 1039, 14323
List the prime factors of 406438294.
2, 203219147
List the prime factors of 209565652.
2, 151, 346963
List the prime factors of 1831965667.
7, 1087, 240763
What are the prime factors of 183784026?
2, 3, 30630671
What are the prime factors of 519984198?
2, 3, 479, 6701
What are the prime factors of 141579924?
2, 3, 11798327
List the prime factors of 111236593.
13, 17, 97, 5189
What are the prime factors of 2870854397?
3947, 727351
List the prime factors of 4934825211.
3, 43, 38254459
What are the prime factors of 1208605192?
2, 151075649
What are the prime factors of 129791896?
2, 13, 41, 61, 499
What are the prime factors of 81504496?
2, 1783, 2857
What are the prime factors of 734855647?
19, 38676613
What are the prime factors of 482325020?
2, 5, 17, 79, 17957
What are the prime factors of 205422484?
2, 51355621
What are the prime factors of 60519912?
2, 3, 1579, 1597
What are the prime factors of 252994341?
3, 109, 773683
List the prime factors of 2420951521.
17, 947, 150379
List the prime factors of 75132377.
41, 1832497
List the prime factors of 158649374.
2, 13, 6101899
What are the prime factors of 42455296?
2, 13, 12757
What are the prime factors of 204050653?
204050653
What are the prime factors of 489419837?
113, 181, 23929
What are the prime factors of 1742281771?
17, 103, 281, 3541
What are the prime factors of 191022640?
2, 5, 229, 10427
What are the prime factors of 32023793?
139, 230387
List the prime factors of 23577701.
7, 31, 179, 607
What are the prime factors of 405612458?
2, 233, 870413
What are the prime factors of 613380242?
2, 306690121
List the prime factors of 55229892.
2, 3, 557, 8263
List the prime factors of 579828102.
2, 3, 7, 13805431
List the prime factors of 141393899.
7927, 17837
What are the prime factors of 10997785?
5, 167, 13171
What are the prime factors of 24257513?
7, 773, 4483
What are the prime factors of 1074936999?
3, 358312333
What are the prime factors of 995011069?
13, 76539313
What are the prime factors of 6254165326?
2, 17, 183946039
List the prime factors of 146403285.
3, 5, 7, 83, 107, 157
What are the prime factors of 70567156?
2, 11, 1603799
What are the prime factors of 26979418?
2, 983, 13723
What are the prime factors of 468910861?
19, 419, 58901
List the prime factors of 129192210.
2, 3, 5, 7, 19, 43, 251
List the prime factors of 527128759.
41, 107, 120157
List the prime factors of 3610395472.
2, 37, 1361, 4481
List the prime factors of 65809509.
3, 23, 373, 2557
List the prime factors of 1899288166.
2, 949644083
List the prime factors of 256364741.
71, 3610771
List the prime factors of 1515751417.
31, 48895207
What are the prime factors of 120331169?
7, 17190167
List the prime factors of 392369320.
2, 5, 7, 1401319
What are the prime factors of 605767668?
2, 3, 11, 1171, 3919
What are the prime factors of 12655131?
3, 4218377
What are the prime factors of 1454615970?
2, 3, 5, 48487199
What are the prime factors of 210918303?
3, 17, 23, 19979
List the prime factors of 4347432041.
227, 2221, 8623
What are the prime factors of 223233503?
29, 47, 163781
What are the prime factors of 57244752?
2, 3, 132511
What are the prime factors of 238309030?
2, 5, 79, 301657
List the prime factors of 173832911.
7, 269, 92317
List the prime factors of 346397791.
59, 191, 521
What are the prime factors of 62303236?
2, 211, 73819
What are the prime factors of 1330897737?
3, 13, 23, 1483721
What are the prime factors of 91974661?
1237, 74353
List the prime factors of 6678755.
5, 1335751
What are the prime factors of 36185461?
13, 2783497
List the prime factors of 7409727702.
2, 3, 13, 23, 71, 19391
List the prime factors of 1209210874.
2, 6763, 89399
What are the prime factors of 2944296230?
2, 5, 181, 491, 3313
What are the prime factors of 55248815?
5, 281, 39323
List the prime factors of 498912884.
2, 31, 37, 2939
What are the prime factors of 2449125175?
5, 7, 19, 431, 1709
List the prime factors of 79336954.
2, 37, 227, 4723
What are the prime factors of 58226968?
2, 1861, 3911
What are the prime factors of 73970435?
5, 7, 11, 229, 839
List the prime factors of 117465685.
5, 1879, 12503
What are the prim